of 124700 and 15950.
1450
What is the greatest common divisor of 18166 and 11134?
586
What is the highest common factor of 3696 and 197384?
88
What is the highest common divisor of 46728 and 165?
33
What is the greatest common factor of 3553 and 79211?
209
Calculate the highest common divisor of 66 and 1844799.
33
Calculate the greatest common divisor of 57814 and 274.
274
What is the greatest common divisor of 54 and 9252?
18
What is the greatest common divisor of 14768 and 221?
13
What is the greatest common factor of 31501 and 119?
17
Calculate the highest common divisor of 5504 and 406608.
688
What is the greatest common divisor of 2669792 and 32?
32
Calculate the greatest common divisor of 1020739 and 3148.
787
Calculate the greatest common factor of 13746 and 20856.
474
What is the highest common divisor of 689 and 2886?
13
What is the greatest common divisor of 1626373 and 357?
119
What is the highest common divisor of 38 and 60154?
38
Calculate the highest common divisor of 1245 and 3684785.
415
Calculate the greatest common factor of 204 and 109191.
51
What is the greatest common factor of 20825 and 5831?
833
What is the highest common factor of 107352 and 9352?
56
Calculate the greatest common divisor of 10611 and 783.
27
What is the highest common factor of 68676 and 9676?
236
Calculate the highest common factor of 230183 and 1202.
601
What is the highest common factor of 3488 and 64?
32
What is the highest common factor of 1065 and 5955?
15
Calculate the highest common factor of 96 and 21552.
48
Calculate the highest common divisor of 20070 and 1940.
10
Calculate the highest common divisor of 500 and 95340.
20
Calculate the highest common factor of 1895 and 33731.
379
Calculate the highest common divisor of 1261 and 21631.
97
What is the highest common divisor of 225 and 201675?
75
Calculate the highest common factor of 23808 and 240.
48
Calculate the greatest common factor of 9846 and 198.
18
Calculate the highest common factor of 14 and 20132.
14
What is the highest common factor of 22 and 29942?
22
What is the greatest common divisor of 35 and 2947?
7
Calculate the greatest common divisor of 19326 and 4.
2
What is the greatest common factor of 87 and 1609529?
29
Calculate the greatest common divisor of 5316 and 28.
4
Calculate the greatest common divisor of 1205831 and 44.
11
What is the highest common divisor of 567 and 751761?
81
Calculate the greatest common factor of 5020 and 1580.
20
Calculate the greatest common divisor of 43558 and 3422.
58
What is the greatest common factor of 48158 and 398?
398
What is the highest common divisor of 5425 and 3035?
5
Calculate the greatest common factor of 646 and 1358538.
646
What is the highest common factor of 11592 and 58716?
252
Calculate the highest common divisor of 2195 and 210.
5
Calculate the highest common factor of 641598 and 4026.
366
What is the greatest common divisor of 100 and 59360?
20
Calculate the greatest common factor of 209615 and 70.
35
Calculate the highest common divisor of 10450 and 3950.
50
What is the highest common divisor of 2484729 and 54?
27
Calculate the highest common divisor of 3337 and 6439.
47
Calculate the highest common factor of 635688 and 1296.
648
Calculate the highest common divisor of 4037 and 319.
11
What is the highest common divisor of 1285046 and 28?
14
Calculate the greatest common divisor of 1063170 and 90.
90
What is the greatest common factor of 1958 and 704?
22
Calculate the greatest common factor of 428576 and 48.
16
What is the greatest common factor of 57 and 114969?
57
Calculate the greatest common divisor of 363 and 87747.
33
What is the greatest common factor of 500 and 4672?
4
Calculate the greatest common factor of 70343 and 299.
13
What is the highest common divisor of 115 and 84985?
115
Calculate the greatest common divisor of 10016 and 480.
32
What is the highest common factor of 5130 and 7790?
190
What is the highest common divisor of 12903 and 10902?
69
What is the highest common divisor of 270983 and 202?
101
Calculate the greatest common divisor of 46754 and 9158.
482
What is the highest common divisor of 656 and 5699?
41
Calculate the highest common factor of 127673 and 364.
91
What is the greatest common factor of 355 and 6655895?
355
Calculate the highest common divisor of 576 and 179648.
64
What is the greatest common divisor of 1298 and 478313?
649
Calculate the highest common factor of 92 and 49013.
23
Calculate the highest common divisor of 8378662 and 694.
694
What is the greatest common divisor of 77 and 116666?
11
What is the greatest common factor of 213850 and 14000?
350
What is the greatest common divisor of 27430 and 49585?
1055
What is the highest common divisor of 2 and 401?
1
What is the greatest common factor of 55 and 5889235?
55
Calculate the greatest common divisor of 82203 and 1431.
159
Calculate the greatest common factor of 68 and 391561.
17
Calculate the greatest common divisor of 31064 and 11528.
88
Calculate the highest common divisor of 640 and 55720.
40
What is the greatest common divisor of 183 and 72163?
61
What is the greatest common factor of 2289 and 43818?
327
What is the greatest common divisor of 107172 and 234?
234
What is the highest common factor of 910 and 78468?
26
Calculate the greatest common divisor of 5665 and 10403.
103
What is the greatest common factor of 275 and 29950?
25
Calculate the greatest common factor of 328 and 5464.
8
Calculate the highest common divisor of 1416 and 6024.
24
Calculate the highest common divisor of 2587 and 3184.
199
Calculate the highest common divisor of 517506 and 132.
66
Calculate the greatest common divisor of 54027 and 69.
69
Calculate the greatest common factor of 239246 and 322.
322
What is the greatest common factor of 36566 and 94?
94
Calculate the greatest common divisor of 15844 and 476.
68
Calculate the highest common divisor of 948162 and 444.
222
What is the greatest common divisor of 11 and 8044564?
11
What is the highest common factor of 36 and 3298356?
36
What is the greatest common divisor of 273936 and 16848?
624
What is the highest common divisor of 132 and 81114?
66
What is the greatest common factor of 2889 and 1539?
27
What is the highest common factor of 10013 and 31?
31
What is the greatest common divisor of 368 and 45172?
92
Calculate the greatest common factor of 4392 and 3168.
72
What is the greatest common factor of 9 and 27099?
9
What is the highest common factor of 6000 and 640?
80
Calculate the highest common divisor of 3638862 and 522.
522
What is the greatest common factor of 17630 and 3690?
410
Calculate the greatest common divisor of 2474332 and 168.
28
What is the greatest common factor of 49 and 812?
7
Calculate the greatest common divisor of 51885 and 27.
9
What is the greatest common divisor of 329469 and 261?
87
What is the highest common divisor of 21620 and 2444?
188
What is the highest common divisor of 36 and 2797?
1
Calculate the greatest common divisor of 960 and 13182.
6
What is the greatest common divisor of 8113985 and 151?
151
What is the greatest common factor of 54 and 37881?
27
What is the greatest common divisor of 171323 and 209?
19
What is the greatest common divisor of 507 and 5226?
39
Calculate the greatest common divisor of 271698 and 1092.
42
Calculate the highest common divisor of 1452 and 69938.
242
Calculate the highest common factor of 759 and 2409.
33
Calculate the greatest common factor of 16884 and 468.
36
Calculate the highest common factor of 23705 and 55.
55
What is the greatest common factor of 148 and 393532?
148
Calculate the greatest common factor of 11840 and 10820.
20
Calculate the highest common factor of 10186 and 99.
11
Calculate the highest common factor of 8046864 and 84.
84
What is the highest common divisor of 37650 and 66?
6
What is the highest common factor of 12 and 259008?
12
Calculate the highest common factor of 845089 and 203.
203
Calculate the highest common divisor of 493 and 4502569.
493
What is the highest common divisor of 1042 and 887784?
1042
Calculate the greatest common factor of 3575 and 5434.
143
What is the greatest common divisor of 3504825 and 842?
421
Calculate the highest common divisor of 2004 and 218937.
501
Calculate the highest comm